{"id":1176,"date":"2023-12-13T17:01:38","date_gmt":"2023-12-13T21:01:38","guid":{"rendered":"https:\/\/www.ferremetal.cl\/?post_type=product&#038;p=1176"},"modified":"2023-12-13T17:01:39","modified_gmt":"2023-12-13T21:01:39","slug":"pistola-de-calor-2000w-te-ha-2000-e-einhell","status":"publish","type":"product","link":"https:\/\/www.ferremetal.cl\/index.php\/producto\/pistola-de-calor-2000w-te-ha-2000-e-einhell\/","title":{"rendered":"Pistola de calor 2000W TE-HA 2000 E Einhell"},"content":{"rendered":"<p>La\u00a0<strong>Pistola de Calor 2000W TE-HA 2000 E Einhell<\/strong>\u00a0es una herramienta potente y vers\u00e1til que puede generar calor para una variedad de tareas.\u00a0Puede ser utilizada para eliminar pinturas viejas, montar tubos de pl\u00e1stico o calentar metal en trabajos de soldadura.\u00a0Con una potencia de 2.000 W, puede ajustar la temperatura y la cantidad de aire seg\u00fan sus necesidades.\u00a0Adem\u00e1s, tiene una base estable que permite su uso de forma estacionaria.\u00a0Esta pistola de calor viene con varios accesorios para adaptarse a diferentes tareas.<\/p>\n","protected":false},"excerpt":{"rendered":"<p>Consta con una rueda de ajuste para el ajuste de temperatura sobre 9 escalones. Interruptor de 3 posiciones para el control de la cantidad de aire. Escal\u00f3n de fr\u00edo para enfriamiento r\u00e1pido durante el cambio de boquilla. Superficie de apoyo para uso estacionario. Incluye boquilla de reducci\u00f3n, boquilla de chorro ancho, boquilla de reflector, boquilla de radiaci\u00f3n.<\/p>\n","protected":false},"featured_media":1177,"comment_status":"open","ping_status":"closed","template":"","meta":[],"product_brand":[],"product_cat":[147],"product_tag":[194,195],"class_list":{"0":"post-1176","1":"product","2":"type-product","3":"status-publish","6":"product_cat-herramientas","7":"product_tag-einhell","8":"product_tag-pistola-de-calor","10":"first","11":"instock","12":"taxable","13":"shipping-taxable","14":"product-type-simple"},"yoast_head":"<!-- This site is optimized with the Yoast SEO plugin v21.9.1 - https:\/\/yoast.com\/wordpress\/plugins\/seo\/ -->\n<title>Pistola de calor 2000W TE-HA 2000 E Einhell - Ferremetal<\/title>\n<meta name=\"description\" content=\"Descubre la versatilidad de la Pistola de Calor 2000W TE-HA 2000 E Einhell. Perfecta para una variedad de tareas, desde eliminar pintura hasta soldar metales.\" \/>\n<meta name=\"robots\" content=\"index, follow, max-snippet:-1, max-image-preview:large, max-video-preview:-1\" \/>\n<link rel=\"canonical\" href=\"https:\/\/www.ferremetal.cl\/index.php\/producto\/pistola-de-calor-2000w-te-ha-2000-e-einhell\/\" \/>\n<meta property=\"og:locale\" content=\"es_ES\" \/>\n<meta property=\"og:type\" content=\"article\" \/>\n<meta property=\"og:title\" content=\"Pistola de calor 2000W TE-HA 2000 E Einhell - Ferremetal\" \/>\n<meta property=\"og:description\" content=\"Descubre la versatilidad de la Pistola de Calor 2000W TE-HA 2000 E Einhell. Perfecta para una variedad de tareas, desde eliminar pintura hasta soldar metales.\" \/>\n<meta property=\"og:url\" content=\"https:\/\/www.ferremetal.cl\/index.php\/producto\/pistola-de-calor-2000w-te-ha-2000-e-einhell\/\" \/>\n<meta property=\"og:site_name\" content=\"Ferremetal\" \/>\n<meta property=\"article:publisher\" content=\"https:\/\/www.facebook.com\/ferremetal.cl\" \/>\n<meta property=\"article:modified_time\" content=\"2023-12-13T21:01:39+00:00\" \/>\n<meta property=\"og:image\" content=\"https:\/\/www.ferremetal.cl\/wp-content\/uploads\/2023\/12\/1136919-02.webp\" \/>\n\t<meta property=\"og:image:width\" content=\"2000\" \/>\n\t<meta property=\"og:image:height\" content=\"1480\" \/>\n\t<meta property=\"og:image:type\" content=\"image\/webp\" \/>\n<meta name=\"twitter:card\" content=\"summary_large_image\" \/>\n<meta name=\"twitter:label1\" content=\"Est. reading time\" \/>\n\t<meta name=\"twitter:data1\" content=\"1 minuto\" \/>\n<script type=\"application\/ld+json\" class=\"yoast-schema-graph\">{\"@context\":\"https:\/\/schema.org\",\"@graph\":[{\"@type\":\"WebPage\",\"@id\":\"https:\/\/www.ferremetal.cl\/index.php\/producto\/pistola-de-calor-2000w-te-ha-2000-e-einhell\/\",\"url\":\"https:\/\/www.ferremetal.cl\/index.php\/producto\/pistola-de-calor-2000w-te-ha-2000-e-einhell\/\",\"name\":\"Pistola de calor 2000W TE-HA 2000 E Einhell - Ferremetal\",\"isPartOf\":{\"@id\":\"https:\/\/www.ferremetal.cl\/#website\"},\"datePublished\":\"2023-12-13T21:01:38+00:00\",\"dateModified\":\"2023-12-13T21:01:39+00:00\",\"description\":\"Descubre la versatilidad de la Pistola de Calor 2000W TE-HA 2000 E Einhell. Perfecta para una variedad de tareas, desde eliminar pintura hasta soldar metales.\",\"breadcrumb\":{\"@id\":\"https:\/\/www.ferremetal.cl\/index.php\/producto\/pistola-de-calor-2000w-te-ha-2000-e-einhell\/#breadcrumb\"},\"inLanguage\":\"es-CL\",\"potentialAction\":[{\"@type\":\"ReadAction\",\"target\":[\"https:\/\/www.ferremetal.cl\/index.php\/producto\/pistola-de-calor-2000w-te-ha-2000-e-einhell\/\"]}]},{\"@type\":\"BreadcrumbList\",\"@id\":\"https:\/\/www.ferremetal.cl\/index.php\/producto\/pistola-de-calor-2000w-te-ha-2000-e-einhell\/#breadcrumb\",\"itemListElement\":[{\"@type\":\"ListItem\",\"position\":1,\"name\":\"Portada\",\"item\":\"https:\/\/www.ferremetal.cl\/\"},{\"@type\":\"ListItem\",\"position\":2,\"name\":\"Tienda\",\"item\":\"https:\/\/www.ferremetal.cl\/index.php\/tienda\/\"},{\"@type\":\"ListItem\",\"position\":3,\"name\":\"Pistola de calor 2000W TE-HA 2000 E Einhell\"}]},{\"@type\":\"WebSite\",\"@id\":\"https:\/\/www.ferremetal.cl\/#website\",\"url\":\"https:\/\/www.ferremetal.cl\/\",\"name\":\"Ferremetal\",\"description\":\"Ferreteria y Maderas\",\"publisher\":{\"@id\":\"https:\/\/www.ferremetal.cl\/#organization\"},\"potentialAction\":[{\"@type\":\"SearchAction\",\"target\":{\"@type\":\"EntryPoint\",\"urlTemplate\":\"https:\/\/www.ferremetal.cl\/?s={search_term_string}\"},\"query-input\":\"required name=search_term_string\"}],\"inLanguage\":\"es-CL\"},{\"@type\":\"Organization\",\"@id\":\"https:\/\/www.ferremetal.cl\/#organization\",\"name\":\"Ferremetal\",\"url\":\"https:\/\/www.ferremetal.cl\/\",\"logo\":{\"@type\":\"ImageObject\",\"inLanguage\":\"es-CL\",\"@id\":\"https:\/\/www.ferremetal.cl\/#\/schema\/logo\/image\/\",\"url\":\"https:\/\/www.ferremetal.cl\/wp-content\/uploads\/2023\/11\/LOGO-FERREMETAL.jpg\",\"contentUrl\":\"https:\/\/www.ferremetal.cl\/wp-content\/uploads\/2023\/11\/LOGO-FERREMETAL.jpg\",\"width\":2000,\"height\":407,\"caption\":\"Ferremetal\"},\"image\":{\"@id\":\"https:\/\/www.ferremetal.cl\/#\/schema\/logo\/image\/\"},\"sameAs\":[\"https:\/\/www.facebook.com\/ferremetal.cl\",\"https:\/\/www.instagram.com\/ferremetal.cl\"]}]}<\/script>\n<!-- \/ Yoast SEO plugin. -->","yoast_head_json":{"title":"Pistola de calor 2000W TE-HA 2000 E Einhell - Ferremetal","description":"Descubre la versatilidad de la Pistola de Calor 2000W TE-HA 2000 E Einhell. Perfecta para una variedad de tareas, desde eliminar pintura hasta soldar metales.","robots":{"index":"index","follow":"follow","max-snippet":"max-snippet:-1","max-image-preview":"max-image-preview:large","max-video-preview":"max-video-preview:-1"},"canonical":"https:\/\/www.ferremetal.cl\/index.php\/producto\/pistola-de-calor-2000w-te-ha-2000-e-einhell\/","og_locale":"es_ES","og_type":"article","og_title":"Pistola de calor 2000W TE-HA 2000 E Einhell - Ferremetal","og_description":"Descubre la versatilidad de la Pistola de Calor 2000W TE-HA 2000 E Einhell. Perfecta para una variedad de tareas, desde eliminar pintura hasta soldar metales.","og_url":"https:\/\/www.ferremetal.cl\/index.php\/producto\/pistola-de-calor-2000w-te-ha-2000-e-einhell\/","og_site_name":"Ferremetal","article_publisher":"https:\/\/www.facebook.com\/ferremetal.cl","article_modified_time":"2023-12-13T21:01:39+00:00","og_image":[{"width":2000,"height":1480,"url":"https:\/\/www.ferremetal.cl\/wp-content\/uploads\/2023\/12\/1136919-02.webp","type":"image\/webp"}],"twitter_card":"summary_large_image","twitter_misc":{"Est. reading time":"1 minuto"},"schema":{"@context":"https:\/\/schema.org","@graph":[{"@type":"WebPage","@id":"https:\/\/www.ferremetal.cl\/index.php\/producto\/pistola-de-calor-2000w-te-ha-2000-e-einhell\/","url":"https:\/\/www.ferremetal.cl\/index.php\/producto\/pistola-de-calor-2000w-te-ha-2000-e-einhell\/","name":"Pistola de calor 2000W TE-HA 2000 E Einhell - Ferremetal","isPartOf":{"@id":"https:\/\/www.ferremetal.cl\/#website"},"datePublished":"2023-12-13T21:01:38+00:00","dateModified":"2023-12-13T21:01:39+00:00","description":"Descubre la versatilidad de la Pistola de Calor 2000W TE-HA 2000 E Einhell. Perfecta para una variedad de tareas, desde eliminar pintura hasta soldar metales.","breadcrumb":{"@id":"https:\/\/www.ferremetal.cl\/index.php\/producto\/pistola-de-calor-2000w-te-ha-2000-e-einhell\/#breadcrumb"},"inLanguage":"es-CL","potentialAction":[{"@type":"ReadAction","target":["https:\/\/www.ferremetal.cl\/index.php\/producto\/pistola-de-calor-2000w-te-ha-2000-e-einhell\/"]}]},{"@type":"BreadcrumbList","@id":"https:\/\/www.ferremetal.cl\/index.php\/producto\/pistola-de-calor-2000w-te-ha-2000-e-einhell\/#breadcrumb","itemListElement":[{"@type":"ListItem","position":1,"name":"Portada","item":"https:\/\/www.ferremetal.cl\/"},{"@type":"ListItem","position":2,"name":"Tienda","item":"https:\/\/www.ferremetal.cl\/index.php\/tienda\/"},{"@type":"ListItem","position":3,"name":"Pistola de calor 2000W TE-HA 2000 E Einhell"}]},{"@type":"WebSite","@id":"https:\/\/www.ferremetal.cl\/#website","url":"https:\/\/www.ferremetal.cl\/","name":"Ferremetal","description":"Ferreteria y Maderas","publisher":{"@id":"https:\/\/www.ferremetal.cl\/#organization"},"potentialAction":[{"@type":"SearchAction","target":{"@type":"EntryPoint","urlTemplate":"https:\/\/www.ferremetal.cl\/?s={search_term_string}"},"query-input":"required name=search_term_string"}],"inLanguage":"es-CL"},{"@type":"Organization","@id":"https:\/\/www.ferremetal.cl\/#organization","name":"Ferremetal","url":"https:\/\/www.ferremetal.cl\/","logo":{"@type":"ImageObject","inLanguage":"es-CL","@id":"https:\/\/www.ferremetal.cl\/#\/schema\/logo\/image\/","url":"https:\/\/www.ferremetal.cl\/wp-content\/uploads\/2023\/11\/LOGO-FERREMETAL.jpg","contentUrl":"https:\/\/www.ferremetal.cl\/wp-content\/uploads\/2023\/11\/LOGO-FERREMETAL.jpg","width":2000,"height":407,"caption":"Ferremetal"},"image":{"@id":"https:\/\/www.ferremetal.cl\/#\/schema\/logo\/image\/"},"sameAs":["https:\/\/www.facebook.com\/ferremetal.cl","https:\/\/www.instagram.com\/ferremetal.cl"]}]}},"_links":{"self":[{"href":"https:\/\/www.ferremetal.cl\/index.php\/wp-json\/wp\/v2\/product\/1176","targetHints":{"allow":["GET"]}}],"collection":[{"href":"https:\/\/www.ferremetal.cl\/index.php\/wp-json\/wp\/v2\/product"}],"about":[{"href":"https:\/\/www.ferremetal.cl\/index.php\/wp-json\/wp\/v2\/types\/product"}],"replies":[{"embeddable":true,"href":"https:\/\/www.ferremetal.cl\/index.php\/wp-json\/wp\/v2\/comments?post=1176"}],"wp:featuredmedia":[{"embeddable":true,"href":"https:\/\/www.ferremetal.cl\/index.php\/wp-json\/wp\/v2\/media\/1177"}],"wp:attachment":[{"href":"https:\/\/www.ferremetal.cl\/index.php\/wp-json\/wp\/v2\/media?parent=1176"}],"wp:term":[{"taxonomy":"product_brand","embeddable":true,"href":"https:\/\/www.ferremetal.cl\/index.php\/wp-json\/wp\/v2\/product_brand?post=1176"},{"taxonomy":"product_cat","embeddable":true,"href":"https:\/\/www.ferremetal.cl\/index.php\/wp-json\/wp\/v2\/product_cat?post=1176"},{"taxonomy":"product_tag","embeddable":true,"href":"https:\/\/www.ferremetal.cl\/index.php\/wp-json\/wp\/v2\/product_tag?post=1176"}],"curies":[{"name":"wp","href":"https:\/\/api.w.org\/{rel}","templated":true}]}}